86. Suppose -2*o - f = -3*o. List the prime factors of o.
67
Let t be 1/(153/(-216) - (-3)/4). Suppose -5*j + t = -46. List the prime factors of j.
2, 7
Let y = 27 - 28. Let q = 0 - 0. List the prime factors of (-4)/(q + y) + 1.
5
Suppose 7 = -8*d + 15. List the prime factors of (100 - d) + (3 - 2).
2, 5
Let h be 1 - (-5)/((-5)/(-12)). Suppose h = 4*u - 3. Suppose -42 = 2*k - u*k. List the prime factors of k.
3, 7
Suppose -2*u + 94 = -2*i, 0 + 8 = 2*u. List the prime factors of (3/((-3)/i))/(1/1).
43
Let q(f) = -48*f - 45. What are the prime factors of q(-5)?
3, 5, 13
Suppose 0 = -2*q - 48*q + 160650. What are the prime factors of q?
3, 7, 17
Suppose -5*b - 33*w = -31*w - 1937, -w = 4*b - 1552. List the prime factors of b.
389
Suppose 467 = -6*a + 3695. What are the prime factors of a?
2, 269
Let d(g) = -g**2 + 8*g - 3. Suppose 6*v - 11*v + 20 = 0. List the prime factors of d(v).
13
List the prime factors of 52/91*-7 - (-1753 - 1).
2, 5, 7
Let j(f) = -40*f + 69*f - 7 - 3. List the prime factors of j(3).
7, 11
Suppose 32 = f - 112. Suppose k - f = -2*k. Suppose 0 = 5*p - 2*p - k. List the prime factors of p.
2
Let s be (-52)/9 - (-10)/(-45). What are the prime factors of (40 - (3 + s)) + 4?
47
What are the prime factors of 5 + (-87)/18 - (-610)/12?
3, 17
Suppose t + 2*q - 1 = 10, -t = -q - 2. Suppose -t*i - 5*u = -200, 4*i - 5*u - 214 = -63. List the prime factors of i.
3, 13
Suppose 2*z = b + 38, 0 = 4*z + 5*b - 113 + 9. Let g = z - 10. List the prime factors of g.
11
Let w(j) = 11*j - 1. Suppose 2*c = 3*p - 4, -3*c + 5*p = 8 - 1. Let g be w(c). Let d(m) = m**2 - 8*m + 4. What are the prime factors of d(g)?
2, 3
Suppose 912 = -d + 5*d. List the prime factors of d.
2, 3, 19
Let n be -112 + ((-12)/8)/((-3)/6). Let m = n + 163. What are the prime factors of m?
2, 3
Let x = -671 - -1177. List the prime factors of x.
2, 11, 23
Let d(j) = -3*j - 25. Let y be d(-7). Let t(x) = x**2 - 2*x + 5. List the prime factors of t(y).
29
Let i(c) = c + 2. Let m be i(-9). Let d = m + 19. Suppose -o = -d + 3. What are the prime factors of o?
3
Let w = -927 + 1453. What are the prime factors of w?
2, 263
Suppose 17*g = 19*g. List the prime factors of (-438)/(-3 + g)*1.
2, 73
Let m be (-7)/(-4 - (-3 - 0)). Let b(s) = -s**3 + 7*s**2 + 6*s - 9. List the prime factors of b(m).
3, 11
Suppose t + 5*h - 9 = -0*t, 3*t - 3*h + 27 = 0. Let b(u) = 5*u**2 - 6*u + 4. Let l be b(t). Suppose 9*k + l = 14*k. What are the prime factors of k?
2, 11
Suppose -19 = -2*k - 13. Suppose -2*b + k = -z, 2*b = -z + 3*b - 3. Let n = z + 47. List the prime factors of n.
2, 11
Suppose -5*h + 3585 = -5*s, 5*h - 863 = 3*s + 2712. List the prime factors of h.
2, 89
Suppose 8*l = -5*l + 12155. What are the prime factors of l?
5, 11, 17
Suppose -4*m + 143 = v, -6*v = -5*m - v + 160. Suppose 2*n + l - 63 = 0, 81 + m = 4*n + 4*l. What are the prime factors of n?
2, 17
Let m(o) = o**3 + 20*o**2 + 17*o - 29. Let a be m(-19). Suppose -3*y + 360 - a = 0. What are the prime factors of y?
3, 13
Let z = -4 + 10. Suppose 264 = z*g - 2*g. What are the prime factors of g?
2, 3, 11
What are the prime factors of (2 - 392/(-2)) + (2 - 7)?
193
Let q = 1 - -2. Suppose -54 = -d + 3*x, -4*d + 2*x = q*x - 190. Suppose 3*n - d = n. List the prime factors of n.
2, 3
Suppose -7*p + 10*p = 639. List the prime factors of p.
3, 71
Suppose -4*v = 12, -3*y = -6*y + 5*v + 3144. List the prime factors of y.
7, 149
Suppose 4*z - 82 = 2*z. Suppose -325 = -6*k + z. Let y = k - 23. List the prime factors of y.
2, 19
Let r = -7589 - -11475. List the prime factors of r.
2, 29, 67
Suppose 2*z = 53 - 17. List the prime factors of (-14)/18 + 1 + 3074/z.
3, 19
Let m(n) = -111*n - 146. List the prime factors of m(-18).
2, 463
Let w = -29 + 29. Let a = 3 + 1. Suppose w = -a*r + 92 + 92. List the prime factors of r.
2, 23
Suppose 6*p = 2*p + 4*v + 28, -10 = 5*v. Suppose p*q + 172 = -33. Let t = 85 + q. What are the prime factors of t?
2, 11
Let k be ((-24)/(-16))/(6/(-32)). Let o be (-2)/(-5) - (5 + 285/25). List the prime factors of 7/((o/4)/k).
2, 7
Suppose 2*s = -3*d - 2*d + 14, -28 = -3*s - 4*d. Let t be (-12)/42 - (-58)/7. Suppose t*k + 72 = s*k. What are the prime factors of k?
2, 3
Let r(p) = p + 19. Let k be r(-9). Suppose -3*v = -k*v - 42. What are the prime factors of (-665)/(-15) - v/9?
3, 5
Let g(o) be the second derivative of o**6/40 - o**5/60 - o**4/24 + o**3/2 - 3*o. Let s(x) be the second derivative of g(x). List the prime factors of s(2).
31
Let i(s) = s**3 + 7*s**2 + s - 5. Let r be ((-12)/(-8))/(1/14). Suppose -3*b + r = -3*z, -4*z = -2*z + 4*b - 4. List the prime factors of i(z).
3, 13
Let x(b) = b**2 + 4*b + 2. Let w be x(-4). Let f = 1 + w. List the prime factors of f.
3
Let h be (-222)/(-27) - 8/36. Let p(k) = k**2 - 7*k + 17. What are the prime factors of p(h)?
5
Suppose -255 - 75 = -6*x. Let y(n) = 7*n**2 + 2*n + 2. Let a be y(-2). Suppose -z = -2*r + x, -3*z = -r - 2*z + a. What are the prime factors of r?
29
Suppose 33*p - 89731 = -28*p. List the prime factors of p.
1471
Suppose -2*n + m = -5*n + 9168, 0 = n - 5*m - 3072. What are the prime factors of n?
3, 1019
List the prime factors of ((-3102)/(-15))/((36/30)/3).
11, 47
Let z(r) = -r. Let w(i) = 112*i**2 + 9*i - 3. Let c(f) = w(f) + 4*z(f). What are the prime factors of c(1)?
2, 3, 19
Suppose 0 = z - 0 - 4. Suppose -a - 5*d + 103 = 0, -2*a - 3*d = -z*a + 154. List the prime factors of a.
83
Let d = -8 - -8. Suppose 5*x - 4*y + 0*y - 130 = 0, -y = d. What are the prime factors of x?
2, 13
Let d(s) = -9 - 3*s + 3*s**3 + s**3 + 4*s**2 + 7*s**2 - 3*s**3. What are the prime factors of d(-11)?
2, 3
Let n be (-3 + -1 + -1)*2615/(-25). Suppose 2*a + 37 - n = 0. List the prime factors of a.
3
Suppose -2*i - 3*i + 70 = 0. Suppose i = 6*f + f. Suppose 0 = -3*n - f*c + 209, -2*n + 154 = 6*c - c. What are the prime factors of n?
67
Let r be 3 + 4/(2 + 0). Let d(z) = z - 3. Let x be d(r). Suppose -x*o + 5 = 1. What are the prime factors of o?
2
Let f = 849 + -206. Suppose f = 6*j - 1097. Suppose -5*g + 5*n + j = 0, 5*g - n - 274 = -0*n. What are the prime factors of g?
2, 3
Let j be 0 + (-3)/(6/(-4)). Let n be (-9)/(-6) + 45/30. Suppose -n*l + 171 = 5*x, j*l - 4*x + 50 = 3*l. What are the prime factors of l?
2, 31
Let q(i) = -9*i + 20. Let o(k) = -5*k + 10. Let y(u) = -9*o(u) + 4*q(u). List the prime factors of y(2).
2
Let x be 2/(((-4)/(-3))/2). Let z(d) = d**3 + 7*d**2 - 19*d + 1. Let o be z(-8). Suppose -x*t + 2*s = -o, 4*s + 3 = -t + 14. What are the prime factors of t?
3
Suppose a + a = 0. Suppose 0 = 2*x + 8, -5*c + a = 3*x - 3. Suppose 4*s - 5*s + c = 0. List the prime factors of s.
3
Let l = 5266 + -3294. What are the prime factors of l?
2, 17, 29
Suppose -15 = 4*s + s + 5*j, j + 4 = 0. What are the prime factors of (0 - s)*(-98 - -4)?
2, 47
Suppose 0*i - 4*i = 5*o - 41, -3*i = 4*o - 32. Suppose 5 = k + 2*r + 14, i*k + 24 = -4*r. List the prime factors of (21/(-3))/(k/9).
3, 7
List the prime factors of -8 + (7 - (-315)/7).
2, 11
Let h(a) = -5*a**3 - 7*a**2 - 18*a + 7. What are the prime factors of h(-8)?
31, 73
Suppose p + 3*k = 153 + 561, 0 = 3*k + 9. What are the prime factors of p?
3, 241
Let g(u) = 20*u**3 + 65*u**2 - 24*u - 84. Let t(l) = -7*l**3 - 22*l**2 + 8*l + 28. Let w(q) = 6*g(q) + 17*t(q). What are the prime factors of w(-16)?
2, 5
Let s be 32/(-6)*(-8)/(128/168). Let y = -46 + s. List the prime factors of y.
2, 5
Suppose 15*d = 14*d. Suppose d*i - 6*i = -48. What are the prime factors of i?
2
Suppose 3*a + 20 = -5*o - 0*a, -4 = o - 4*a. What are the prime factors of 18*(2/o)/((-21)/154)?
2, 3, 11
Let u = -556 + 584. List the prime factors of u.
2, 7
Suppose 3*v + 2*v = -g + 1837, -3*g = -2*v + 745. What are the prime factors of v?
2, 23
Let w be (-63)/(-15) - (-1)/(-5). Let z be (-10)/(-35) - 612/(-14). List the prime factors of z + (-4 + w - 2).
2, 3, 7
Let y be (-2)/(2201/(-5490) - 6/(-15)). Suppose -2*o = 10*o - y. List the prime factors of o.
3, 61
What are the prime factors of (-15402)/(-85)*(-5)/(-2)?
3, 151
Let a be (4 - 2)/(7/28). Suppose -5*f = a - 183. List the prime factors of f.
5, 7
What are the prime factors of ((-4)/(-12))/((-11)/(-37686))?
2, 571
Let a(q) = 27*q**3 - 57*q**2 + 6*q + 9. List the prime factors of a(6).
3, 5, 17
Let j(t